{"id":188,"date":"2019-02-18T09:21:11","date_gmt":"2019-02-18T08:21:11","guid":{"rendered":"https:\/\/www.faq4u.com\/info\/?page_id=188"},"modified":"2019-10-08T08:19:13","modified_gmt":"2019-10-08T06:19:13","slug":"impressum","status":"publish","type":"page","link":"https:\/\/www.faq4u.com\/info\/impressum\/","title":{"rendered":"Impressum"},"content":{"rendered":"\n<p>Wannemacher Software Service GmbH<\/p>\n\n\n\n<p>Sigmundstra\u00dfe 182b<br>90431 N\u00fcrnberg<br>Germany<\/p>\n\n\n\n<p>Gesch\u00e4ftsf\u00fchrer: G\u00fcnther Bauer<\/p>\n\n\n\n<p>Telefon:&nbsp;&nbsp;&nbsp;&nbsp;&nbsp;&nbsp; +49 911 346393<br>Fax:&nbsp;&nbsp;&nbsp;&nbsp;&nbsp; &nbsp; &nbsp; &nbsp;&nbsp; +49 911 3820645<br>E-Mail:&nbsp;&nbsp;&nbsp;&nbsp;&nbsp;&nbsp;&nbsp; <a href=\"mailto:info@wannemacher-software.de\">info@wannemacher-software.de<\/a><\/p>\n\n\n\n<p>Steuernummer:&nbsp; DE813517016<br>Handelsregister: HRB 9270<\/p>\n\n\n\n<p>Gerichtsstand:&nbsp;&nbsp; N\u00fcrnberg<\/p>\n\n\n\n<p>Datenschutzhinweis:<\/p>\n\n\n\n<p>Ihre personenbezogenen Daten werden bei uns vertraulich behandelt. Ihre pers\u00f6nlichen Daten, die Sie uns im Rahmen einer Kontaktaufnahme zur Verf\u00fcgung stellen, werden bei uns gespeichert und im Rahmen der Kontaktaufahme verarbeitet. Hier handelt es sich in der Regel um Ihren Namen, Ihre E-Mail-Adresse, Ihre Anschrift, Ihre Telefonnummer oder Telefaxnummer.<\/p>\n\n\n\n<p>Wir nutzen Ihre Daten, um Ihnen attraktive Angebote zusenden zu k\u00f6nnen. Wir nutzen Ihre Daten f\u00fcr eigene Zwecke, geben diese jedoch NICHT an Dritte weiter. Der Nutzung Ihrer pers\u00f6nlichen Daten k\u00f6nnen Sie jederzeit durch schriftliche Mitteilung an uns oder per Mail an uns widersprechen. Nach Erhalt Ihres Widerrufes werden wir die weitere Zusendung von Informationen umgehend einstellen.<\/p>\n\n\n\n<p>Ver\u00e4nderungen unseres Gesch\u00e4ftes sowie Gesetzes\u00e4nderungen k\u00f6nnen unsere Datenschutzbedingungen beeinflussen. Diese werden wir entsprechend aktualisieren und an dieser Stelle ver\u00f6ffentlichen.<\/p>\n","protected":false},"excerpt":{"rendered":"<p>Wannemacher Software Service GmbH Sigmundstra\u00dfe 182b90431 N\u00fcrnbergGermany Gesch\u00e4ftsf\u00fchrer: G\u00fcnther Bauer Telefon:&nbsp;&nbsp;&nbsp;&nbsp;&nbsp;&nbsp; +49 911 346393Fax:&nbsp;&nbsp;&nbsp;&nbsp;&nbsp; &nbsp; &nbsp; &nbsp;&nbsp; +49 911 3820645E-Mail:&nbsp;&nbsp;&nbsp;&nbsp;&nbsp;&nbsp;&nbsp; info@wannemacher-software.de Steuernummer:&nbsp; DE813517016Handelsregister: HRB 9270 Gerichtsstand:&nbsp;&nbsp; N\u00fcrnberg Datenschutzhinweis: Ihre personenbezogenen Daten werden bei uns vertraulich behandelt. Ihre pers\u00f6nlichen Daten, die Sie uns im Rahmen einer Kontaktaufnahme zur Verf\u00fcgung stellen, werden [&hellip;]<\/p>\n","protected":false},"author":2,"featured_media":0,"parent":0,"menu_order":0,"comment_status":"closed","ping_status":"closed","template":"","meta":{"footnotes":""},"class_list":["post-188","page","type-page","status-publish","hentry"],"_links":{"self":[{"href":"https:\/\/www.faq4u.com\/info\/wp-json\/wp\/v2\/pages\/188","targetHints":{"allow":["GET"]}}],"collection":[{"href":"https:\/\/www.faq4u.com\/info\/wp-json\/wp\/v2\/pages"}],"about":[{"href":"https:\/\/www.faq4u.com\/info\/wp-json\/wp\/v2\/types\/page"}],"author":[{"embeddable":true,"href":"https:\/\/www.faq4u.com\/info\/wp-json\/wp\/v2\/users\/2"}],"replies":[{"embeddable":true,"href":"https:\/\/www.faq4u.com\/info\/wp-json\/wp\/v2\/comments?post=188"}],"version-history":[{"count":1,"href":"https:\/\/www.faq4u.com\/info\/wp-json\/wp\/v2\/pages\/188\/revisions"}],"predecessor-version":[{"id":189,"href":"https:\/\/www.faq4u.com\/info\/wp-json\/wp\/v2\/pages\/188\/revisions\/189"}],"wp:attachment":[{"href":"https:\/\/www.faq4u.com\/info\/wp-json\/wp\/v2\/media?parent=188"}],"curies":[{"name":"wp","href":"https:\/\/api.w.org\/{rel}","templated":true}]}}